*c + y = 32, -5*c = -2*c + 4*y + 48. Let g = -18 - c. Let d(r) = -8*r - 3. What is the tens digit of d(g)?
1
What is the tens digit of (2 + -4)/(4/(-174))?
8
Suppose -2*o + 5*b + 3184 = -515, b + 1 = 0. What is the hundreds digit of o?
8
Let z(u) be the third derivative of 1/3*u**3 + 4*u**2 + 0 - 1/24*u**4 + 1/30*u**5 + 0*u. What is the tens digit of z(4)?
3
Let g(h) = 2*h**2 + 67*h - 14. What is the hundreds digit of g(15)?
4
What is the units digit of 3925/(-10)*(-76)/10?
3
Suppose 10 = 5*j, -9*j + 6*j + 981 = 3*a. What is the units digit of a?
5
Suppose -5*c = 2*q - 3*c + 12, -14 = 3*q + c. Let j(r) = 236*r**3 + r**2 - r - 1. Let z be j(-1). What is the units digit of z/q + 9/(-12)?
8
Let g = -50 + 7. Let o = g - -128. What is the tens digit of o?
8
Suppose 2*b = 0, 8*g - 5*g + 3*b = 339. Let m = 256 - g. What is the units digit of m?
3
Suppose w = 4*c - 214, 43 = c + 2*w + 3*w. What is the tens digit of c?
5
Let l be (64/24)/((16/30)/4). What is the tens digit of (4*365/l)/1?
7
Let g(j) = 1342*j + 231. What is the units digit of g(3)?
7
Let d be (-120)/(-8) + (1 - 3). Suppose -d*y + 15*y = 128. What is the units digit of y?
4
Suppose -740 = f - 1904. Suppose -y - f = -7*y. Suppose -4*x + 44 = -5*b + y, 0 = -2*x + 10. What is the tens digit of b?
3
Let o(z) = 36*z**2 + 6*z - 6. Let a be o(3). Suppose 3*n = a - 111. What is the tens digit of n?
7
Let i(b) = -b**3 - 5*b**2 - 2*b - 8. Suppose 0 = -2*l + 4 - 2. Let o be 8/(-4) - l - 2. What is the units digit of i(o)?
2
Let x(o) be the first derivative of 2*o**3/3 - o**2/2 - 2*o + 6. Let b be x(2). Suppose b*y - 54 = 10. What is the tens digit of y?
1
Let b be 4899/(-45) + (-12)/90. Let i = b - -183. What is the units digit of i?
4
Suppose 1 = -4*w - 3. What is the tens digit of w/((-3 + 1)/42)?
2
Let j be (-52*17)/(-2) - 2. Suppose z - 4*z = -5*x - 772, 3*x = -4*z - j. What is the tens digit of (-2 - 1)/(12/x)?
3
Let s be 1 + 2 + (-3 - (-2 + -4)). What is the units digit of (s/4)/(0 + 9/30)?
5
Let s(r) = 11*r + 1 - 33*r - 1 - 1. What is the units digit of s(-3)?
5
Suppose d = -6 + 8. Suppose -4*k - 5*l = -701, -4*k + d*l = -l - 725. What is the hundreds digit of k?
1
Let y = 6942 + -776. What is the thousands digit of y?
6
Let z(y) = -2*y + 13. Let f be z(7). Let h(c) = 1 - 1 - 10*c. What is the units digit of h(f)?
0
Let a = -70 + 72. What is the tens digit of (-29 + 10)/(a/(-18))?
7
Suppose 3*u = 6, 5*u + 5 = 3*k - 0*u. Suppose q = -4*o + 443, k*o + 4*q + q - 565 = 0. What is the tens digit of o?
1
Suppose 0*d = -3*d + 15. Suppose -3*n - 96 = -d*g, -n + 81 = 4*g - 2*n. What is the tens digit of g?
2
Suppose -2*q = -5*q + 12. What is the tens digit of (-2)/(q + 0)*-116?
5
Suppose -6*m + 1486 = -1400. What is the units digit of m?
1
Suppose -44*c = -47*c + 1638. What is the hundreds digit of c?
5
Let p be 4/14 + 0 - (-166)/7. Let k = p + -3. What is the units digit of k?
1
Suppose -2*p = -3*d - 39, -2*p - 26 = 2*d + 3*p. Let r = d - -12. What is the units digit of 4 + 5 - (2 - r)?
6
Suppose -12*q - 8303 = -43583. What is the thousands digit of q?
2
Let s(v) = -4 + 3*v**2 + 185*v - 2*v**2 - 187*v. Let h = -4 + 2. What is the units digit of s(h)?
4
Suppose 4*k = -4*d - 16, -d = 2*k - 0 + 3. Let h(t) = -t**2 + 5*t + 8. Let o be h(6). What is the units digit of d*((-24)/(-20) - o)?
4
Let c(i) = 19*i**2 + 4*i - 25. What is the hundreds digit of c(8)?
2
Let g = 81 - 329. Let y = -158 - g. Suppose -10*x = -7*x - y. What is the units digit of x?
0
Let a = -10 - 6. Let w = -25 - a. What is the units digit of 126/w*(-1)/2?
7
Let q(y) = -3*y - 4. Let z be q(3). Let m(s) = s + 16. Let b be m(z). Suppose -b*v + 135 = 2*v. What is the tens digit of v?
2
Let p(b) = -2*b**2 - 71*b + 10. What is the tens digit of p(-24)?
6
Let a = 5 - 9. Let r(f) = f**2 + 2*f. Let i be r(a). Suppose 3*c = 4*c - i. What is the units digit of c?
8
Let w(s) = -117*s - 3. Let v be w(-1). Suppose v = a + 5*d, 0 = 2*a - d - 177 - 84. What is the tens digit of a?
2
Suppose -4*z = -3*m - 994 - 37, -2*z + 5*m + 519 = 0. What is the tens digit of z?
5
Let s(w) be the first derivative of -w**2/2 - 6*w - 29. What is the units digit of s(-15)?
9
Let r = -28 + 29. Suppose 0 = 3*l + v - 44, -65 - r = -5*l + 2*v. What is the tens digit of l?
1
Let z = -350 - -449. What is the tens digit of z?
9
Suppose -2*d + 20 = 16. Suppose -3*v + d = -427. What is the units digit of v?
3
Suppose 98*i = 35*i + 30744. What is the units digit of i?
8
What is the units digit of 5/(-4) - (21204/(-16) + 3)?
1
Suppose 57*o = 45*o + 3888. What is the units digit of o?
4
Let g = 455 - -586. What is the thousands digit of g?
1
Suppose -v + 128 = 3*p, 0*v = -2*v - p + 271. Suppose 4*z - 3*u - 182 = 79, -5*u = 2*z - v. What is the units digit of z?
6
Suppose -2*w = 4, 0 = -3*s - 3*w + 556 + 314. What is the tens digit of s?
9
Suppose 0 = 2*w - 6*q + 4*q - 1436, 4*q = 2*w - 1438. What is the units digit of w?
7
Let v(u) = -17*u - 10. Let s(i) = -i + 1. Let g(c) = -4*s(c) + v(c). What is the units digit of g(-8)?
0
Suppose -13*z + 2514 = 603. Let k = -29 + z. What is the tens digit of k?
1
Let m = 285 + -152. Let i = 287 - m. What is the units digit of i?
4
Suppose 0*a + 16 = 3*a - c, a + c - 4 = 0. Suppose 5*j = -a*l + 110, l = -4*j - 4*l + 93. What is the units digit of j?
7
Suppose 2*v = -8, -80 = -5*c + 3*c + 5*v. What is the units digit of c?
0
Let k be 12/36*(-6)/(-2). What is the hundreds digit of (-1464)/2*k/(-4)?
1
Suppose -3*x = 3*j - 966, -4*x = -j + 100 + 207. What is the units digit of j?
9
Suppose -66*z = -45*z - 36981. What is the thousands digit of z?
1
Suppose -378 = -2*d + 486. What is the units digit of d?
2
Suppose 11*t - 3*y + 1680 = 16*t, t + 4*y - 353 = 0. What is the units digit of t?
3
Let f = -9283 + 6401. What is the tens digit of f/(-33) - ((-5)/3 - -1)?
8
Suppose 2*f + 6 + 18 = 0. Let s = 10 + f. What is the units digit of s*(1 + -2) + 20?
2
Let p be (-4)/(-22) - 11/((-363)/(-798)). Let b = -16 - p. What is the units digit of b?
8
What is the hundreds digit of (-129)/(3048/(-12408) + 4/22)?
0
Suppose 2*r + 35 = -5*r. What is the units digit of (308/(-55))/(1/r)?
8
Let f(a) = -6*a - 14. Let r be f(-3). Suppose -4*m + 393 = 3*j, 0 = -0*j + r*j + 2*m - 524. What is the tens digit of j?
3
What is the hundreds digit of ((-31)/(-1))/(((-120)/744)/(-5))?
9
What is the hundreds digit of (3 + 8 + 18 + -22)*547?
8
Let q(s) = -s**3 - s**2 + 3*s + 2. Suppose -u - 2*i = 0, -3*i - 6 + 1 = 4*u. Let b be q(u). Suppose -h + 16 + 19 = b. What is the units digit of h?
5
Let u(a) be the first derivative of a**2/2 + 7*a + 7. Let l be u(-7). Suppose l = z - 0 - 30. What is the tens digit of z?
3
Let f = 957 - -67. What is the hundreds digit of f?
0
What is the tens digit of 2*(4193/14 + -11)?
7
Suppose 9*d - 2731 + 526 = 0. What is the units digit of d?
5
Let v(n) = 114*n - 546. What is the units digit of v(7)?
2
Let n = -33 - -78. Let a be (-26)/(-2) - n/15. Suppose -210 = 5*z - a*z. What is the tens digit of z?
4
Let b(h) = -h**3 - 3*h**2 + h + 4. Suppose 4*z + 38 = -3*f - 2*f, 3*f - z = -16. Let p = f - -1. What is the units digit of b(p)?
9
Let k be (104/(-78))/(2/21). Let n(d) = -d**3 - 12*d**2 + 18*d - 19. What is the tens digit of n(k)?
2
Let v = -1304 + 2394. What is the units digit of v?
0
Let p = 1965 - -1755. What is the units digit of p?
0
Let m be 2/(-11) - ((-44376)/33)/4. Suppose 3*q = -5*q + m. What is the units digit of q?
2
Let k(s) = s**2 - 2*s + 17. Let o be -4*(-2 - 21/(-12)). Let q be 0/(1/o - 3). What is the tens digit of k(q)?
1
Suppose 3*d - 45 = -2*d. Let i = 15 - d. Suppose -t - 125 = -i*t. What is the tens digit of t?
2
Let q(o) = 80*o + 7. Let i be q(10). Suppose -6*u + 129 = -i. What is the units digit of u?
6
Let o(x) = -x**3 + 4*x**2 + 9*x - 5. Suppose 0 = 3*g - 4 + 16. Let h be 2 - 4/g - -1. What is the units digit of o(h)?
1
Let j be (-420)/75*15*-1. Suppose -18 = 6*u - j. Let g = u + 23. What is the tens digit of g?
3
Let h = -14 + 13. Let l be h/(-3) + (-40)/(-24). Suppose 7 + 37 = l*n. What is the tens digit of n?
2
Let y be 2/(-4) + 105/6. Let i = y - 13. What is the tens digit of i/8*2*17?
1
Suppose -46*u = -33*u - 19526. What is the hundreds digit of u?
5
Let h = 5156 - 2792. What is the hundreds digit of h?
3
Let y(p)